{"id":313,"date":"2025-03-08T14:49:25","date_gmt":"2025-03-08T14:49:25","guid":{"rendered":"https:\/\/birikimtesvik.com\/?page_id=313"},"modified":"2025-03-09T17:32:50","modified_gmt":"2025-03-09T17:32:50","slug":"sanayi-tesvikleri","status":"publish","type":"page","link":"http:\/\/birikimtesvik.com\/index.php\/sanayi-tesvikleri\/","title":{"rendered":"Sanayi Te\u015fvikleri\u200b"},"content":{"rendered":"\t\t<div data-elementor-type=\"wp-page\" data-elementor-id=\"313\" class=\"elementor elementor-313\" data-elementor-post-type=\"page\">\n\t\t\t\t<div class=\"elementor-element elementor-element-3f6a098 e-flex e-con-boxed e-con e-parent\" data-id=\"3f6a098\" data-element_type=\"container\" data-e-type=\"container\">\n\t\t\t\t\t<div class=\"e-con-inner\">\n\t\t<div class=\"elementor-element elementor-element-8afeb5f e-con-full e-flex e-con e-child\" data-id=\"8afeb5f\" data-element_type=\"container\" data-e-type=\"container\">\n\t\t\t\t<div class=\"elementor-element elementor-element-b15cb60 elementor-invisible elementor-widget elementor-widget-heading\" data-id=\"b15cb60\" data-element_type=\"widget\" data-e-type=\"widget\" data-settings=\"{&quot;_animation&quot;:&quot;fadeIn&quot;}\" data-widget_type=\"heading.default\">\n\t\t\t\t<div class=\"elementor-widget-container\">\n\t\t\t\t\t<h1 class=\"elementor-heading-title elementor-size-default\">Sanayi Te\u015fvikleri<\/h1>\t\t\t\t<\/div>\n\t\t\t\t<\/div>\n\t\t\t\t<div class=\"elementor-element elementor-element-c27c3df elementor-invisible elementor-widget elementor-widget-heading\" data-id=\"c27c3df\" data-element_type=\"widget\" data-e-type=\"widget\" data-settings=\"{&quot;_animation&quot;:&quot;fadeIn&quot;,&quot;_animation_delay&quot;:400}\" data-widget_type=\"heading.default\">\n\t\t\t\t<div class=\"elementor-widget-container\">\n\t\t\t\t\t<h2 class=\"elementor-heading-title elementor-size-default\">Firmalar\u0131n veya kurumlar\u0131n y\u00fcr\u00fctt\u00fc\u011f\u00fc; Ar-Ge, \u00dcr-Ge, kapasite geli\u015ftirme, teknolojik d\u00f6n\u00fc\u015f\u00fcm, yerli ve milli \u00fcretim, ihracata haz\u0131rl\u0131k ve ihracat\u0131n geli\u015ftirilmesi \u00e7al\u0131\u015fmalar\u0131 kapsam\u0131ndaki faaliyetlerini, ulusal veya uluslararas\u0131 destekleme mekanizmalar\u0131 ile e\u015fle\u015ftiriyoruz..<\/h2>\t\t\t\t<\/div>\n\t\t\t\t<\/div>\n\t\t\t\t<\/div>\n\t\t<div class=\"elementor-element elementor-element-6f21903 e-con-full e-flex e-con e-child\" data-id=\"6f21903\" data-element_type=\"container\" data-e-type=\"container\" data-settings=\"{&quot;background_background&quot;:&quot;classic&quot;}\">\n\t\t\t\t<\/div>\n\t\t\t\t\t<\/div>\n\t\t\t\t<\/div>\n\t\t<div class=\"elementor-element elementor-element-4de7336 e-flex e-con-boxed e-con e-parent\" data-id=\"4de7336\" data-element_type=\"container\" data-e-type=\"container\">\n\t\t\t\t\t<div class=\"e-con-inner\">\n\t\t<div class=\"elementor-element elementor-element-0885a69 e-con-full e-flex e-con e-child\" data-id=\"0885a69\" data-element_type=\"container\" data-e-type=\"container\">\n\t\t<div class=\"elementor-element elementor-element-1049f62 e-con-full e-flex e-con e-child\" data-id=\"1049f62\" data-element_type=\"container\" data-e-type=\"container\">\n\t\t<div class=\"elementor-element elementor-element-c6c2f3b e-con-full e-flex e-con e-child\" data-id=\"c6c2f3b\" data-element_type=\"container\" data-e-type=\"container\" data-settings=\"{&quot;background_background&quot;:&quot;classic&quot;}\">\n\t\t\t\t<\/div>\n\t\t<div class=\"elementor-element elementor-element-b2a332c e-con-full e-flex e-con e-child\" data-id=\"b2a332c\" data-element_type=\"container\" data-e-type=\"container\">\n\t\t\t\t<div class=\"elementor-element elementor-element-4db3b47 elementor-widget elementor-widget-heading\" data-id=\"4db3b47\" data-element_type=\"widget\" data-e-type=\"widget\" data-widget_type=\"heading.default\">\n\t\t\t\t<div class=\"elementor-widget-container\">\n\t\t\t\t\t<h2 class=\"elementor-heading-title elementor-size-default\">\n\u00dccretsiz Analiz\n<\/h2>\t\t\t\t<\/div>\n\t\t\t\t<\/div>\n\t\t\t\t<div class=\"elementor-element elementor-element-a9fb54a elementor-widget-divider--view-line elementor-widget elementor-widget-divider\" data-id=\"a9fb54a\" data-element_type=\"widget\" data-e-type=\"widget\" data-widget_type=\"divider.default\">\n\t\t\t\t<div class=\"elementor-widget-container\">\n\t\t\t\t\t\t\t<div class=\"elementor-divider\">\n\t\t\t<span class=\"elementor-divider-separator\">\n\t\t\t\t\t\t<\/span>\n\t\t<\/div>\n\t\t\t\t\t\t<\/div>\n\t\t\t\t<\/div>\n\t\t\t\t<div class=\"elementor-element elementor-element-857f6ec elementor-widget elementor-widget-text-editor\" data-id=\"857f6ec\" data-element_type=\"widget\" data-e-type=\"widget\" data-widget_type=\"text-editor.default\">\n\t\t\t\t<div class=\"elementor-widget-container\">\n\t\t\t\t\t\t\t\t\t<p class=\"body\" style=\"margin: 0cm;\"><span lang=\"EN-US\" style=\"font-size: 13.5pt; font-family: 'var(--body-font-family)',serif; color: #1d1e20;\">Birikim Te\u015fvik Dan\u0131\u015fmanl\u0131k olarak, bizimle ileti\u015fime ge\u00e7ti\u011finiz ilk andan itibaren planlad\u0131\u011f\u0131n\u0131z faaliyetlerle ilgili payla\u015ft\u0131\u011f\u0131n\u0131z bilgiler do\u011frultusunda, size en uygun proje veya te\u015fvik program\u0131n\u0131 tespit ederek haz\u0131rlanan rapor \u00fccretsiz olarak sunulmaktad\u0131r.<\/span><\/p>\t\t\t\t\t\t\t\t<\/div>\n\t\t\t\t<\/div>\n\t\t\t\t<\/div>\n\t\t\t\t<\/div>\n\t\t<div class=\"elementor-element elementor-element-9779d37 e-con-full e-flex e-con e-child\" data-id=\"9779d37\" data-element_type=\"container\" data-e-type=\"container\">\n\t\t<div class=\"elementor-element elementor-element-ba66e95 e-con-full e-flex e-con e-child\" data-id=\"ba66e95\" data-element_type=\"container\" data-e-type=\"container\" data-settings=\"{&quot;background_background&quot;:&quot;classic&quot;}\">\n\t\t\t\t<\/div>\n\t\t<div class=\"elementor-element elementor-element-61f3f29 e-con-full e-flex e-con e-child\" data-id=\"61f3f29\" data-element_type=\"container\" data-e-type=\"container\">\n\t\t\t\t<div class=\"elementor-element elementor-element-6a278d6 elementor-widget elementor-widget-heading\" data-id=\"6a278d6\" data-element_type=\"widget\" data-e-type=\"widget\" data-widget_type=\"heading.default\">\n\t\t\t\t<div class=\"elementor-widget-container\">\n\t\t\t\t\t<h2 class=\"elementor-heading-title elementor-size-default\">Dosyalar\u0131n\u0131n Haz\u0131rlanmas\u0131<\/h2>\t\t\t\t<\/div>\n\t\t\t\t<\/div>\n\t\t\t\t<div class=\"elementor-element elementor-element-2a58ec4 elementor-widget-divider--view-line elementor-widget elementor-widget-divider\" data-id=\"2a58ec4\" data-element_type=\"widget\" data-e-type=\"widget\" data-widget_type=\"divider.default\">\n\t\t\t\t<div class=\"elementor-widget-container\">\n\t\t\t\t\t\t\t<div class=\"elementor-divider\">\n\t\t\t<span class=\"elementor-divider-separator\">\n\t\t\t\t\t\t<\/span>\n\t\t<\/div>\n\t\t\t\t\t\t<\/div>\n\t\t\t\t<\/div>\n\t\t\t\t<div class=\"elementor-element elementor-element-3f73f4f elementor-widget elementor-widget-text-editor\" data-id=\"3f73f4f\" data-element_type=\"widget\" data-e-type=\"widget\" data-widget_type=\"text-editor.default\">\n\t\t\t\t<div class=\"elementor-widget-container\">\n\t\t\t\t\t\t\t\t\t<p class=\"body\" style=\"margin: 0cm;\"><span lang=\"EN-US\" style=\"font-size: 13.5pt; font-family: 'var(--body-font-family)',serif; color: #1d1e20;\">Planlanan faaliyetler ile ilgili tespit edilen proje ve te\u015fvik programlar\u0131na ili\u015fkin ba\u015fvuru dosyalar\u0131 mevzuata, ilgili kurallara ve tecr\u00fcbelerimize uygun \u015fekilde, kaliteden \u00f6d\u00fcn vermeden, en h\u0131zl\u0131 ve en \u00f6zg\u00fcn \u015fekilde haz\u0131rlanarak sunulmaktad\u0131r.<\/span><\/p>\t\t\t\t\t\t\t\t<\/div>\n\t\t\t\t<\/div>\n\t\t\t\t<\/div>\n\t\t\t\t<\/div>\n\t\t<div class=\"elementor-element elementor-element-72f406c e-con-full e-flex e-con e-child\" data-id=\"72f406c\" data-element_type=\"container\" data-e-type=\"container\">\n\t\t<div class=\"elementor-element elementor-element-09dece8 e-con-full e-flex e-con e-child\" data-id=\"09dece8\" data-element_type=\"container\" data-e-type=\"container\" data-settings=\"{&quot;background_background&quot;:&quot;classic&quot;}\">\n\t\t\t\t<\/div>\n\t\t<div class=\"elementor-element elementor-element-2864e4b e-con-full e-flex e-con e-child\" data-id=\"2864e4b\" data-element_type=\"container\" data-e-type=\"container\">\n\t\t\t\t<div class=\"elementor-element elementor-element-d2371e8 elementor-widget elementor-widget-heading\" data-id=\"d2371e8\" data-element_type=\"widget\" data-e-type=\"widget\" data-widget_type=\"heading.default\">\n\t\t\t\t<div class=\"elementor-widget-container\">\n\t\t\t\t\t<h2 class=\"elementor-heading-title elementor-size-default\">S\u00fcre\u00e7 Takibi<\/h2>\t\t\t\t<\/div>\n\t\t\t\t<\/div>\n\t\t\t\t<div class=\"elementor-element elementor-element-f8381c0 elementor-widget-divider--view-line elementor-widget elementor-widget-divider\" data-id=\"f8381c0\" data-element_type=\"widget\" data-e-type=\"widget\" data-widget_type=\"divider.default\">\n\t\t\t\t<div class=\"elementor-widget-container\">\n\t\t\t\t\t\t\t<div class=\"elementor-divider\">\n\t\t\t<span class=\"elementor-divider-separator\">\n\t\t\t\t\t\t<\/span>\n\t\t<\/div>\n\t\t\t\t\t\t<\/div>\n\t\t\t\t<\/div>\n\t\t\t\t<div class=\"elementor-element elementor-element-cc37a5c elementor-widget elementor-widget-text-editor\" data-id=\"cc37a5c\" data-element_type=\"widget\" data-e-type=\"widget\" data-widget_type=\"text-editor.default\">\n\t\t\t\t<div class=\"elementor-widget-container\">\n\t\t\t\t\t\t\t\t\t<p>Hijyen yakla\u015f\u0131mlar\u0131 , \u00dcr\u00fcn Tedarik S\u00fcre\u00e7leri , Standart \u00fcr\u00fcn protokolleri , Paketleme ve ambalaj s\u00fcre\u00e7leri gibi s\u00fcrecin her aya\u011f\u0131nda i\u015finizi iyile\u015ftiriyoruz.<\/p>\t\t\t\t\t\t\t\t<\/div>\n\t\t\t\t<\/div>\n\t\t\t\t<\/div>\n\t\t\t\t<\/div>\n\t\t<div class=\"elementor-element elementor-element-b3b9010 e-con-full e-flex e-con e-child\" data-id=\"b3b9010\" data-element_type=\"container\" data-e-type=\"container\">\n\t\t<div class=\"elementor-element elementor-element-ab3021a e-con-full e-flex e-con e-child\" data-id=\"ab3021a\" data-element_type=\"container\" data-e-type=\"container\" data-settings=\"{&quot;background_background&quot;:&quot;classic&quot;}\">\n\t\t\t\t<\/div>\n\t\t<div class=\"elementor-element elementor-element-561a829 e-con-full e-flex e-con e-child\" data-id=\"561a829\" data-element_type=\"container\" data-e-type=\"container\">\n\t\t\t\t<div class=\"elementor-element elementor-element-f2bc341 elementor-widget elementor-widget-heading\" data-id=\"f2bc341\" data-element_type=\"widget\" data-e-type=\"widget\" data-widget_type=\"heading.default\">\n\t\t\t\t<div class=\"elementor-widget-container\">\n\t\t\t\t\t<h2 class=\"elementor-heading-title elementor-size-default\">Raporlama ve Kapan\u0131\u015f<\/h2>\t\t\t\t<\/div>\n\t\t\t\t<\/div>\n\t\t\t\t<div class=\"elementor-element elementor-element-d6381ee elementor-widget-divider--view-line elementor-widget elementor-widget-divider\" data-id=\"d6381ee\" data-element_type=\"widget\" data-e-type=\"widget\" data-widget_type=\"divider.default\">\n\t\t\t\t<div class=\"elementor-widget-container\">\n\t\t\t\t\t\t\t<div class=\"elementor-divider\">\n\t\t\t<span class=\"elementor-divider-separator\">\n\t\t\t\t\t\t<\/span>\n\t\t<\/div>\n\t\t\t\t\t\t<\/div>\n\t\t\t\t<\/div>\n\t\t\t\t<div class=\"elementor-element elementor-element-ede0cb9 elementor-widget elementor-widget-text-editor\" data-id=\"ede0cb9\" data-element_type=\"widget\" data-e-type=\"widget\" data-widget_type=\"text-editor.default\">\n\t\t\t\t<div class=\"elementor-widget-container\">\n\t\t\t\t\t\t\t\t\t<p class=\"body\" style=\"margin: 0cm;\"><span lang=\"EN-US\" style=\"font-size: 13.5pt; font-family: 'var(--body-font-family)',serif; color: #1d1e20;\">Uygulamaya al\u0131nan proje ve te\u015fvik programlar\u0131n\u0131n d\u00f6nemsel ger\u00e7ekle\u015fme ve kapan\u0131\u015f raporlar\u0131 haz\u0131rlanarak hem ilgili kurum hem de sizlerle zaman\u0131nda payla\u015f\u0131l\u0131p, s\u00fcre\u00e7 t\u00fcm kurallara uyularak zaman\u0131nda kapat\u0131lmas\u0131 sa\u011flanmaktad\u0131r. B\u00f6ylece taraf\u0131n\u0131za Fon ve te\u015fviklerden faydalanman\u0131z sa\u011flanmaktad\u0131r.<\/span><\/p>\t\t\t\t\t\t\t\t<\/div>\n\t\t\t\t<\/div>\n\t\t\t\t<\/div>\n\t\t\t\t<\/div>\n\t\t\t\t<\/div>\n\t\t\t\t\t<\/div>\n\t\t\t\t<\/div>\n\t\t<div class=\"elementor-element elementor-element-5f99a8e e-flex e-con-boxed e-con e-parent\" data-id=\"5f99a8e\" data-element_type=\"container\" data-e-type=\"container\">\n\t\t\t\t\t<div class=\"e-con-inner\">\n\t\t\t\t<div class=\"elementor-element elementor-element-a57e0a0 elementor-widget elementor-widget-spacer\" data-id=\"a57e0a0\" data-element_type=\"widget\" data-e-type=\"widget\" data-widget_type=\"spacer.default\">\n\t\t\t\t<div class=\"elementor-widget-container\">\n\t\t\t\t\t\t\t<div class=\"elementor-spacer\">\n\t\t\t<div class=\"elementor-spacer-inner\"><\/div>\n\t\t<\/div>\n\t\t\t\t\t\t<\/div>\n\t\t\t\t<\/div>\n\t\t\t\t\t<\/div>\n\t\t\t\t<\/div>\n\t\t\t\t<\/div>\n\t\t","protected":false},"excerpt":{"rendered":"<p>Sanayi Te\u015fvikleri Firmalar\u0131n veya kurumlar\u0131n y\u00fcr\u00fctt\u00fc\u011f\u00fc; Ar-Ge, \u00dcr-Ge, kapasite geli\u015ftirme, teknolojik d\u00f6n\u00fc\u015f\u00fcm, yerli ve milli \u00fcretim, ihracata haz\u0131rl\u0131k ve ihracat\u0131n geli\u015ftirilmesi \u00e7al\u0131\u015fmalar\u0131 kapsam\u0131ndaki faaliyetlerini, ulusal veya uluslararas\u0131 destekleme mekanizmalar\u0131 ile e\u015fle\u015ftiriyoruz.. \u00dccretsiz Analiz Birikim Te\u015fvik Dan\u0131\u015fmanl\u0131k olarak, bizimle ileti\u015fime ge\u00e7ti\u011finiz ilk andan itibaren planlad\u0131\u011f\u0131n\u0131z faaliyetlerle ilgili payla\u015ft\u0131\u011f\u0131n\u0131z bilgiler do\u011frultusunda, size en uygun proje veya te\u015fvik [&hellip;]<\/p>\n","protected":false},"author":1,"featured_media":0,"parent":0,"menu_order":0,"comment_status":"closed","ping_status":"closed","template":"","meta":{"footnotes":""},"class_list":["post-313","page","type-page","status-publish","hentry"],"_links":{"self":[{"href":"http:\/\/birikimtesvik.com\/index.php\/wp-json\/wp\/v2\/pages\/313","targetHints":{"allow":["GET"]}}],"collection":[{"href":"http:\/\/birikimtesvik.com\/index.php\/wp-json\/wp\/v2\/pages"}],"about":[{"href":"http:\/\/birikimtesvik.com\/index.php\/wp-json\/wp\/v2\/types\/page"}],"author":[{"embeddable":true,"href":"http:\/\/birikimtesvik.com\/index.php\/wp-json\/wp\/v2\/users\/1"}],"replies":[{"embeddable":true,"href":"http:\/\/birikimtesvik.com\/index.php\/wp-json\/wp\/v2\/comments?post=313"}],"version-history":[{"count":19,"href":"http:\/\/birikimtesvik.com\/index.php\/wp-json\/wp\/v2\/pages\/313\/revisions"}],"predecessor-version":[{"id":410,"href":"http:\/\/birikimtesvik.com\/index.php\/wp-json\/wp\/v2\/pages\/313\/revisions\/410"}],"wp:attachment":[{"href":"http:\/\/birikimtesvik.com\/index.php\/wp-json\/wp\/v2\/media?parent=313"}],"curies":[{"name":"wp","href":"https:\/\/api.w.org\/{rel}","templated":true}]}}