{"id":440,"date":"2025-03-09T20:23:44","date_gmt":"2025-03-09T20:23:44","guid":{"rendered":"https:\/\/birikimtesvik.com\/?page_id=440"},"modified":"2025-06-18T11:21:58","modified_gmt":"2025-06-18T11:21:58","slug":"yesil-donusum","status":"publish","type":"page","link":"http:\/\/birikimtesvik.com\/index.php\/yesil-donusum\/","title":{"rendered":"Ye\u015fil D\u00f6n\u00fc\u015f\u00fcm"},"content":{"rendered":"\t\t<div data-elementor-type=\"wp-page\" data-elementor-id=\"440\" class=\"elementor elementor-440\" data-elementor-post-type=\"page\">\n\t\t\t\t<div class=\"elementor-element elementor-element-c38ab41 e-flex e-con-boxed e-con e-parent\" data-id=\"c38ab41\" data-element_type=\"container\" data-e-type=\"container\" data-settings=\"{&quot;background_background&quot;:&quot;classic&quot;}\">\n\t\t\t\t\t<div class=\"e-con-inner\">\n\t\t\t\t<div class=\"elementor-element elementor-element-b2efb7d elementor-invisible elementor-widget elementor-widget-heading\" data-id=\"b2efb7d\" data-element_type=\"widget\" data-e-type=\"widget\" data-settings=\"{&quot;_animation&quot;:&quot;fadeIn&quot;}\" data-widget_type=\"heading.default\">\n\t\t\t\t<div class=\"elementor-widget-container\">\n\t\t\t\t\t<h1 class=\"elementor-heading-title elementor-size-default\">Ye\u015fil D\u00f6n\u00fc\u015f\u00fcm<\/h1>\t\t\t\t<\/div>\n\t\t\t\t<\/div>\n\t\t\t\t<div class=\"elementor-element elementor-element-f265790 elementor-widget elementor-widget-heading\" data-id=\"f265790\" data-element_type=\"widget\" data-e-type=\"widget\" data-widget_type=\"heading.default\">\n\t\t\t\t<div class=\"elementor-widget-container\">\n\t\t\t\t\t<h2 class=\"elementor-heading-title elementor-size-default\">\u0130hracat hacmini art\u0131rmak ve \u0130\u015fletmelerin uzun vadeli ba\u015far\u0131 elde etmek ve varl\u0131\u011f\u0131n\u0131 s\u00fcrd\u00fcrmek i\u00e7in Ye\u015fil D\u00f6n\u00fc\u015f\u00fcm 'e entegre sistemler kullanmalar\u0131 verimlilik y\u00fczdelerini artt\u0131racakt\u0131r .<\/h2>\t\t\t\t<\/div>\n\t\t\t\t<\/div>\n\t\t\t\t<div class=\"elementor-element elementor-element-0a3f8e9 elementor-invisible elementor-widget elementor-widget-heading\" data-id=\"0a3f8e9\" data-element_type=\"widget\" data-e-type=\"widget\" data-settings=\"{&quot;_animation&quot;:&quot;fadeIn&quot;}\" data-widget_type=\"heading.default\">\n\t\t\t\t<div class=\"elementor-widget-container\">\n\t\t\t\t\t<h5 class=\"elementor-heading-title elementor-size-default\">Bu s\u00fcre\u00e7te Birikim Te\u015fvik olarak, firmalara \u201c\u00f6zel\u201d Ye\u015fil D\u00f6n\u00fc\u015f\u00fcm yol haritas\u0131n\u0131 olu\u015fturmay\u0131 ve t\u00fcm a\u015famalarda onlar\u0131n yan\u0131nda olmay\u0131 ama\u00e7l\u0131yoruz.<\/h5>\t\t\t\t<\/div>\n\t\t\t\t<\/div>\n\t\t\t\t<div class=\"elementor-element elementor-element-6bdcb72 elementor-widget-divider--view-line elementor-widget elementor-widget-divider\" data-id=\"6bdcb72\" data-element_type=\"widget\" data-e-type=\"widget\" data-widget_type=\"divider.default\">\n\t\t\t\t<div class=\"elementor-widget-container\">\n\t\t\t\t\t\t\t<div class=\"elementor-divider\">\n\t\t\t<span class=\"elementor-divider-separator\">\n\t\t\t\t\t\t<\/span>\n\t\t<\/div>\n\t\t\t\t\t\t<\/div>\n\t\t\t\t<\/div>\n\t\t\t\t\t<\/div>\n\t\t\t\t<\/div>\n\t\t<div class=\"elementor-element elementor-element-2453cef e-flex e-con-boxed e-con e-parent\" data-id=\"2453cef\" data-element_type=\"container\" data-e-type=\"container\">\n\t\t\t\t\t<div class=\"e-con-inner\">\n\t\t<div class=\"elementor-element elementor-element-9cb2a46 e-con-full e-flex e-con e-child\" data-id=\"9cb2a46\" data-element_type=\"container\" data-e-type=\"container\">\n\t\t\t\t<div class=\"elementor-element elementor-element-548c9bd elementor-widget elementor-widget-heading\" data-id=\"548c9bd\" data-element_type=\"widget\" data-e-type=\"widget\" data-widget_type=\"heading.default\">\n\t\t\t\t<div class=\"elementor-widget-container\">\n\t\t\t\t\t<h6 class=\"elementor-heading-title elementor-size-default\">\u0130\u015e\u0130N\u0130Ze De\u011fer Kat\u0131n<\/h6>\t\t\t\t<\/div>\n\t\t\t\t<\/div>\n\t\t\t\t<div class=\"elementor-element elementor-element-2e5805c elementor-widget elementor-widget-heading\" data-id=\"2e5805c\" data-element_type=\"widget\" data-e-type=\"widget\" data-widget_type=\"heading.default\">\n\t\t\t\t<div class=\"elementor-widget-container\">\n\t\t\t\t\t<h2 class=\"elementor-heading-title elementor-size-default\">Ye\u015fil D\u00f6n\u00fc\u015f\u00fcm S\u00fcrecimiz<\/h2>\t\t\t\t<\/div>\n\t\t\t\t<\/div>\n\t\t\t\t<div class=\"elementor-element elementor-element-957a0dd elementor-widget__width-initial elementor-widget-mobile__width-inherit elementor-widget elementor-widget-text-editor\" data-id=\"957a0dd\" data-element_type=\"widget\" data-e-type=\"widget\" data-widget_type=\"text-editor.default\">\n\t\t\t\t<div class=\"elementor-widget-container\">\n\t\t\t\t\t\t\t\t\t<p>K\u00fcresel \u00f6l\u00e7ekli firmalar\u0131n beklentilerini yerine getirebilmeleri i\u00e7in ger\u00e7ek bir \u00c7evresel, Sosyal ve Y\u00f6neti\u015fim &#8211; ESG altyap\u0131s\u0131na kavu\u015fmalar\u0131 gerekmektedir. Biz, bu ama\u00e7la i\u015fletmenin kendi k\u00fclt\u00fcr ve dinamiklerine uygun projelerin stratejik planlama yakla\u015f\u0131m\u0131yla tasarlanmas\u0131, k\u0131sa, orta ve uzun vadeli hedeflerin tan\u0131mlanmas\u0131 ve hedeflerin hayata ge\u00e7irilmesi g\u00f6revlerini ger\u00e7ekle\u015ftirmek i\u00e7in yol al\u0131yoruz.<\/p>\t\t\t\t\t\t\t\t<\/div>\n\t\t\t\t<\/div>\n\t\t\t\t<\/div>\n\t\t<div class=\"elementor-element elementor-element-977c3c4 e-con-full e-flex e-con e-child\" data-id=\"977c3c4\" data-element_type=\"container\" data-e-type=\"container\" data-settings=\"{&quot;background_background&quot;:&quot;classic&quot;}\">\n\t\t\t\t<div class=\"elementor-element elementor-element-0b5e977 elementor-widget elementor-widget-image\" data-id=\"0b5e977\" data-element_type=\"widget\" data-e-type=\"widget\" data-widget_type=\"image.default\">\n\t\t\t\t<div class=\"elementor-widget-container\">\n\t\t\t\t\t\t\t\t\t\t\t\t\t\t\t<img fetchpriority=\"high\" decoding=\"async\" width=\"540\" height=\"407\" src=\"http:\/\/birikimtesvik.com\/wp-content\/uploads\/2025\/03\/Vmake-1708335639.jpeg\" class=\"attachment-full size-full wp-image-486\" alt=\"\" srcset=\"http:\/\/birikimtesvik.com\/wp-content\/uploads\/2025\/03\/Vmake-1708335639.jpeg 540w, http:\/\/birikimtesvik.com\/wp-content\/uploads\/2025\/03\/Vmake-1708335639-300x226.jpeg 300w\" sizes=\"(max-width: 540px) 100vw, 540px\" \/>\t\t\t\t\t\t\t\t\t\t\t\t\t\t\t<\/div>\n\t\t\t\t<\/div>\n\t\t\t\t<div class=\"elementor-element elementor-element-42c827b elementor-widget elementor-widget-image\" data-id=\"42c827b\" data-element_type=\"widget\" data-e-type=\"widget\" data-widget_type=\"image.default\">\n\t\t\t\t<div class=\"elementor-widget-container\">\n\t\t\t\t\t\t\t\t\t\t\t\t\t\t\t<img decoding=\"async\" width=\"1087\" height=\"609\" src=\"http:\/\/birikimtesvik.com\/wp-content\/uploads\/2025\/03\/j1kmnxgq.png\" class=\"attachment-full size-full wp-image-487\" alt=\"\" srcset=\"http:\/\/birikimtesvik.com\/wp-content\/uploads\/2025\/03\/j1kmnxgq.png 1087w, http:\/\/birikimtesvik.com\/wp-content\/uploads\/2025\/03\/j1kmnxgq-300x168.png 300w, http:\/\/birikimtesvik.com\/wp-content\/uploads\/2025\/03\/j1kmnxgq-1024x574.png 1024w, http:\/\/birikimtesvik.com\/wp-content\/uploads\/2025\/03\/j1kmnxgq-768x430.png 768w\" sizes=\"(max-width: 1087px) 100vw, 1087px\" \/>\t\t\t\t\t\t\t\t\t\t\t\t\t\t\t<\/div>\n\t\t\t\t<\/div>\n\t\t\t\t<\/div>\n\t\t\t\t\t<\/div>\n\t\t\t\t<\/div>\n\t\t<div class=\"elementor-element elementor-element-3f72922 e-flex e-con-boxed e-con e-parent\" data-id=\"3f72922\" data-element_type=\"container\" data-e-type=\"container\">\n\t\t\t\t\t<div class=\"e-con-inner\">\n\t\t\t\t<div class=\"elementor-element elementor-element-505a116 elementor-widget elementor-widget-heading\" data-id=\"505a116\" data-element_type=\"widget\" data-e-type=\"widget\" data-widget_type=\"heading.default\">\n\t\t\t\t<div class=\"elementor-widget-container\">\n\t\t\t\t\t<h2 class=\"elementor-heading-title elementor-size-default\">Ye\u015fil D\u00f6n\u00fc\u015f\u00fcm Avantajlar\u0131<\/h2>\t\t\t\t<\/div>\n\t\t\t\t<\/div>\n\t\t<div class=\"elementor-element elementor-element-7d66982 e-con-full e-flex e-con e-child\" data-id=\"7d66982\" data-element_type=\"container\" data-e-type=\"container\">\n\t\t\t\t<div class=\"elementor-element elementor-element-724e28b elementor-widget__width-initial elementor-widget-tablet__width-inherit elementor-widget elementor-widget-toggle\" data-id=\"724e28b\" data-element_type=\"widget\" data-e-type=\"widget\" data-widget_type=\"toggle.default\">\n\t\t\t\t<div class=\"elementor-widget-container\">\n\t\t\t\t\t\t\t<div class=\"elementor-toggle\">\n\t\t\t\t\t\t\t<div class=\"elementor-toggle-item\">\n\t\t\t\t\t<h4 id=\"elementor-tab-title-1191\" class=\"elementor-tab-title\" data-tab=\"1\" role=\"button\" aria-controls=\"elementor-tab-content-1191\" aria-expanded=\"false\">\n\t\t\t\t\t\t\t\t\t\t\t\t<a class=\"elementor-toggle-title\" tabindex=\"0\">M\u00dc\u015eTER\u0130 TALEPLER\u0130<\/a>\n\t\t\t\t\t<\/h4>\n\n\t\t\t\t\t<div id=\"elementor-tab-content-1191\" class=\"elementor-tab-content elementor-clearfix\" data-tab=\"1\" role=\"region\" aria-labelledby=\"elementor-tab-title-1191\"><div class=\"global-gold-supplier-box\"><p>G\u00fcn\u00fcm\u00fczde hem kurumsal firmalar hem de nihai t\u00fcketiciler, \u00e7evreye duyarl\u0131 \u00fcr\u00fcnler ve sorumlu \u015firketlerle i\u015f yapmay\u0131 tercih etmekte. Ye\u015fil D\u00f6n\u00fc\u015f\u00fcm Te\u015fvi\u011fi ve uygulamalar\u0131 sunan firmalar, m\u00fc\u015fteri taban\u0131n\u0131 geni\u015fletme ve sadakatini art\u0131rma \u015fans\u0131na sahip olurlar.<\/p><\/div><div class=\"global-gold-supplier-box\">\u00a0<\/div><\/div>\n\t\t\t\t<\/div>\n\t\t\t\t\t\t\t<div class=\"elementor-toggle-item\">\n\t\t\t\t\t<h4 id=\"elementor-tab-title-1192\" class=\"elementor-tab-title\" data-tab=\"2\" role=\"button\" aria-controls=\"elementor-tab-content-1192\" aria-expanded=\"false\">\n\t\t\t\t\t\t\t\t\t\t\t\t<a class=\"elementor-toggle-title\" tabindex=\"0\">REKABET AVANTAJI<\/a>\n\t\t\t\t\t<\/h4>\n\n\t\t\t\t\t<div id=\"elementor-tab-content-1192\" class=\"elementor-tab-content elementor-clearfix\" data-tab=\"2\" role=\"region\" aria-labelledby=\"elementor-tab-title-1192\"><div class=\"global-gold-supplier-box\"><p>Ye\u015fil D\u00f6n\u00fc\u015f\u00fcm uygulamalar\u0131 benimseyen \u015firketler, rakiplerine kar\u015f\u0131 belirgin bir avantaj sa\u011flar. Bu, inovasyonu te\u015fvik eder ve \u015firketin piyasada fark edilmesini kolayla\u015ft\u0131r\u0131r. Ayr\u0131ca, belirli standartlara uyum sa\u011flayan i\u015fletmelerin listelendi\u011fi platformlar, tedarik\u00e7i se\u00e7imi a\u00e7\u0131s\u0131ndan daha tercih edilebilir hale gelmi\u015ftir.<\/p><\/div><div class=\"global-gold-supplier-box\">\u00a0<\/div><\/div>\n\t\t\t\t<\/div>\n\t\t\t\t\t\t\t<div class=\"elementor-toggle-item\">\n\t\t\t\t\t<h4 id=\"elementor-tab-title-1193\" class=\"elementor-tab-title\" data-tab=\"3\" role=\"button\" aria-controls=\"elementor-tab-content-1193\" aria-expanded=\"false\">\n\t\t\t\t\t\t\t\t\t\t\t\t<a class=\"elementor-toggle-title\" tabindex=\"0\">REG\u00dcLASYON VE YASAL UYUM<\/a>\n\t\t\t\t\t<\/h4>\n\n\t\t\t\t\t<div id=\"elementor-tab-content-1193\" class=\"elementor-tab-content elementor-clearfix\" data-tab=\"3\" role=\"region\" aria-labelledby=\"elementor-tab-title-1193\"><div class=\"global-gold-supplier-box\"><p>D\u00fcnya genelinde h\u00fck\u00fcmetler, \u00e7evresel standartlar\u0131 ve s\u00fcrd\u00fcr\u00fclebilirlik gerekliliklerini art\u0131r\u0131yor. Yasalara uyum sa\u011flamak ve olas\u0131 cezai yapt\u0131r\u0131mlardan ka\u00e7\u0131nmak i\u00e7in firmalar s\u00fcrd\u00fcr\u00fclebilirlik politikalar\u0131n\u0131 benimsemek zorundad\u0131r.<\/p><\/div><\/div>\n\t\t\t\t<\/div>\n\t\t\t\t\t\t\t<div class=\"elementor-toggle-item\">\n\t\t\t\t\t<h4 id=\"elementor-tab-title-1194\" class=\"elementor-tab-title\" data-tab=\"4\" role=\"button\" aria-controls=\"elementor-tab-content-1194\" aria-expanded=\"false\">\n\t\t\t\t\t\t\t\t\t\t\t\t<a class=\"elementor-toggle-title\" tabindex=\"0\">MAL\u0130YET TASARRUFU<\/a>\n\t\t\t\t\t<\/h4>\n\n\t\t\t\t\t<div id=\"elementor-tab-content-1194\" class=\"elementor-tab-content elementor-clearfix\" data-tab=\"4\" role=\"region\" aria-labelledby=\"elementor-tab-title-1194\"><div class=\"global-gold-supplier-box\"><p>Enerji verimlili\u011fi, at\u0131k azaltma ve kaynaklar\u0131n daha etkin kullan\u0131m\u0131 gibi s\u00fcrd\u00fcr\u00fclebilir uygulamalar, uzun vadede \u00f6nemli maliyet tasarruflar\u0131 sa\u011flar.<\/p><\/div><div class=\"global-gold-supplier-box\">\u00a0<\/div><\/div>\n\t\t\t\t<\/div>\n\t\t\t\t\t\t\t\t<\/div>\n\t\t\t\t\t\t<\/div>\n\t\t\t\t<\/div>\n\t\t\t\t<div class=\"elementor-element elementor-element-9530ad3 elementor-widget__width-initial elementor-widget-tablet__width-inherit elementor-widget elementor-widget-toggle\" data-id=\"9530ad3\" data-element_type=\"widget\" data-e-type=\"widget\" data-widget_type=\"toggle.default\">\n\t\t\t\t<div class=\"elementor-widget-container\">\n\t\t\t\t\t\t\t<div class=\"elementor-toggle\">\n\t\t\t\t\t\t\t<div class=\"elementor-toggle-item\">\n\t\t\t\t\t<h4 id=\"elementor-tab-title-1561\" class=\"elementor-tab-title\" data-tab=\"1\" role=\"button\" aria-controls=\"elementor-tab-content-1561\" aria-expanded=\"false\">\n\t\t\t\t\t\t\t\t\t\t\t\t<a class=\"elementor-toggle-title\" tabindex=\"0\">YATIRIMCI \u0130LG\u0130S\u0130<\/a>\n\t\t\t\t\t<\/h4>\n\n\t\t\t\t\t<div id=\"elementor-tab-content-1561\" class=\"elementor-tab-content elementor-clearfix\" data-tab=\"1\" role=\"region\" aria-labelledby=\"elementor-tab-title-1561\"><div class=\"global-gold-supplier-box\"><p>Ye\u015fil D\u00f6\u00fcn\u00fc\u015f\u00fcm projeleri , yat\u0131r\u0131mc\u0131lar i\u00e7in giderek daha \u00f6nemli bir kriter haline gelmi\u015ftir. Sosyal sorumluluk ve \u00e7evresel duyarl\u0131l\u0131k g\u00f6steren \u015firketler, yat\u0131r\u0131m \u00e7ekme potansiyellerini art\u0131r\u0131r.<\/p><\/div><\/div>\n\t\t\t\t<\/div>\n\t\t\t\t\t\t\t<div class=\"elementor-toggle-item\">\n\t\t\t\t\t<h4 id=\"elementor-tab-title-1562\" class=\"elementor-tab-title\" data-tab=\"2\" role=\"button\" aria-controls=\"elementor-tab-content-1562\" aria-expanded=\"false\">\n\t\t\t\t\t\t\t\t\t\t\t\t<a class=\"elementor-toggle-title\" tabindex=\"0\">R\u0130SK Y\u00d6NET\u0130M\u0130<\/a>\n\t\t\t\t\t<\/h4>\n\n\t\t\t\t\t<div id=\"elementor-tab-content-1562\" class=\"elementor-tab-content elementor-clearfix\" data-tab=\"2\" role=\"region\" aria-labelledby=\"elementor-tab-title-1562\"><div class=\"global-gold-supplier-box\"><p>\u0130klim de\u011fi\u015fikli\u011fi, kaynak k\u0131tl\u0131\u011f\u0131 ve sosyal de\u011fi\u015fimler gibi k\u00fcresel riskler, i\u015f operasyonlar\u0131n\u0131 do\u011frudan etkileyebilir. S\u00fcrd\u00fcr\u00fclebilir uygulamalar, bu t\u00fcr risklere kar\u015f\u0131 \u015firketleri daha dayan\u0131kl\u0131 k\u0131lar.<\/p><\/div><div class=\"global-gold-supplier-box\">\u00a0<\/div><\/div>\n\t\t\t\t<\/div>\n\t\t\t\t\t\t\t<div class=\"elementor-toggle-item\">\n\t\t\t\t\t<h4 id=\"elementor-tab-title-1563\" class=\"elementor-tab-title\" data-tab=\"3\" role=\"button\" aria-controls=\"elementor-tab-content-1563\" aria-expanded=\"false\">\n\t\t\t\t\t\t\t\t\t\t\t\t<a class=\"elementor-toggle-title\" tabindex=\"0\">KURUMSAL \u0130T\u0130BAR VE MARKA DE\u011eER\u0130<\/a>\n\t\t\t\t\t<\/h4>\n\n\t\t\t\t\t<div id=\"elementor-tab-content-1563\" class=\"elementor-tab-content elementor-clearfix\" data-tab=\"3\" role=\"region\" aria-labelledby=\"elementor-tab-title-1563\"><div class=\"global-gold-supplier-box\"><p>S\u00fcrd\u00fcr\u00fclebilir i\u015f uygulamalar\u0131, \u015firketin toplum nezdindeki itibar\u0131n\u0131 ve marka de\u011ferini art\u0131r\u0131r. Bu, t\u00fcketicilerin ve di\u011fer i\u015f ortaklar\u0131n\u0131n \u015firkete olan g\u00fcvenini g\u00fc\u00e7lendirir.<\/p><\/div><div class=\"global-gold-supplier-box\">\u00a0<\/div><\/div>\n\t\t\t\t<\/div>\n\t\t\t\t\t\t\t<div class=\"elementor-toggle-item\">\n\t\t\t\t\t<h4 id=\"elementor-tab-title-1564\" class=\"elementor-tab-title\" data-tab=\"4\" role=\"button\" aria-controls=\"elementor-tab-content-1564\" aria-expanded=\"false\">\n\t\t\t\t\t\t\t\t\t\t\t\t<a class=\"elementor-toggle-title\" tabindex=\"0\">\u00c7ALI\u015eAN  MOT\u0130VASYONU<\/a>\n\t\t\t\t\t<\/h4>\n\n\t\t\t\t\t<div id=\"elementor-tab-content-1564\" class=\"elementor-tab-content elementor-clearfix\" data-tab=\"4\" role=\"region\" aria-labelledby=\"elementor-tab-title-1564\"><div class=\"sustainability-services-text-container gray-bg\"><div class=\"sustainability-page-box-container\"><div class=\"global-gold-supplier-box\"><p>\u00c7al\u0131\u015fanlar, de\u011ferlerine uygun \u015firketlerde \u00e7al\u0131\u015fmay\u0131 tercih eder. S\u00fcrd\u00fcr\u00fclebilirlik konusunda g\u00fc\u00e7l\u00fc bir duru\u015f sergileyen \u015firketler, yetenekli \u00e7al\u0131\u015fanlar\u0131 \u00e7ekme ve onlar\u0131 uzun s\u00fcreli olarak elde tutma konusunda daha ba\u015far\u0131l\u0131d\u0131r.<\/p><\/div><\/div><\/div><\/div>\n\t\t\t\t<\/div>\n\t\t\t\t\t\t\t\t<\/div>\n\t\t\t\t\t\t<\/div>\n\t\t\t\t<\/div>\n\t\t\t\t<\/div>\n\t\t\t\t\t<\/div>\n\t\t\t\t<\/div>\n\t\t<div class=\"elementor-element elementor-element-8d9e61b e-flex e-con-boxed e-con e-parent\" data-id=\"8d9e61b\" data-element_type=\"container\" data-e-type=\"container\">\n\t\t\t\t\t<div class=\"e-con-inner\">\n\t\t\t\t<div class=\"elementor-element elementor-element-7e947b3 elementor-widget elementor-widget-heading\" data-id=\"7e947b3\" data-element_type=\"widget\" data-e-type=\"widget\" data-widget_type=\"heading.default\">\n\t\t\t\t<div class=\"elementor-widget-container\">\n\t\t\t\t\t<h2 class=\"elementor-heading-title elementor-size-default\">Dan\u0131\u015fmanl\u0131k S\u00fcrecimiz<\/h2>\t\t\t\t<\/div>\n\t\t\t\t<\/div>\n\t\t\t\t\t<\/div>\n\t\t\t\t<\/div>\n\t\t<div class=\"elementor-element elementor-element-eba946b e-flex e-con-boxed e-con e-parent\" data-id=\"eba946b\" data-element_type=\"container\" data-e-type=\"container\">\n\t\t\t\t\t<div class=\"e-con-inner\">\n\t\t<div class=\"elementor-element elementor-element-e3c2189 e-con-full e-flex e-con e-child\" data-id=\"e3c2189\" data-element_type=\"container\" data-e-type=\"container\">\n\t\t<div class=\"elementor-element elementor-element-e25049d e-con-full e-flex e-con e-child\" data-id=\"e25049d\" data-element_type=\"container\" data-e-type=\"container\" data-settings=\"{&quot;background_background&quot;:&quot;classic&quot;}\">\n\t\t\t\t<\/div>\n\t\t<div class=\"elementor-element elementor-element-c2c75d8 e-con-full e-flex e-con e-child\" data-id=\"c2c75d8\" data-element_type=\"container\" data-e-type=\"container\">\n\t\t\t\t<div class=\"elementor-element elementor-element-3611ba2 elementor-widget elementor-widget-heading\" data-id=\"3611ba2\" data-element_type=\"widget\" data-e-type=\"widget\" data-widget_type=\"heading.default\">\n\t\t\t\t<div class=\"elementor-widget-container\">\n\t\t\t\t\t<h2 class=\"elementor-heading-title elementor-size-default\">1. \n\u0130\u015fletmenin Durum Analizi ve Strateji \u00c7al\u0131\u015ftay\u0131<\/h2>\t\t\t\t<\/div>\n\t\t\t\t<\/div>\n\t\t\t\t<\/div>\n\t\t\t\t<\/div>\n\t\t<div class=\"elementor-element elementor-element-f95f0ff e-con-full e-flex e-con e-child\" data-id=\"f95f0ff\" data-element_type=\"container\" data-e-type=\"container\">\n\t\t<div class=\"elementor-element elementor-element-a68a28b e-con-full e-flex e-con e-child\" data-id=\"a68a28b\" data-element_type=\"container\" data-e-type=\"container\" data-settings=\"{&quot;background_background&quot;:&quot;classic&quot;}\">\n\t\t\t\t<\/div>\n\t\t<div class=\"elementor-element elementor-element-b6a451d e-con-full e-flex e-con e-child\" data-id=\"b6a451d\" data-element_type=\"container\" data-e-type=\"container\">\n\t\t\t\t<div class=\"elementor-element elementor-element-2c6bfe7 elementor-widget elementor-widget-heading\" data-id=\"2c6bfe7\" data-element_type=\"widget\" data-e-type=\"widget\" data-widget_type=\"heading.default\">\n\t\t\t\t<div class=\"elementor-widget-container\">\n\t\t\t\t\t<h2 class=\"elementor-heading-title elementor-size-default\">2. S\u00fcrd\u00fcr\u00fclebilirlik Stratejisi Yol Haritas\u0131<\/h2>\t\t\t\t<\/div>\n\t\t\t\t<\/div>\n\t\t\t\t<\/div>\n\t\t\t\t<\/div>\n\t\t<div class=\"elementor-element elementor-element-9ee8996 e-con-full e-flex e-con e-child\" data-id=\"9ee8996\" data-element_type=\"container\" data-e-type=\"container\">\n\t\t<div class=\"elementor-element elementor-element-a41ae9c e-con-full e-flex e-con e-child\" data-id=\"a41ae9c\" data-element_type=\"container\" data-e-type=\"container\" data-settings=\"{&quot;background_background&quot;:&quot;classic&quot;}\">\n\t\t\t\t<\/div>\n\t\t<div class=\"elementor-element elementor-element-6558eab e-con-full e-flex e-con e-child\" data-id=\"6558eab\" data-element_type=\"container\" data-e-type=\"container\">\n\t\t\t\t<div class=\"elementor-element elementor-element-8b27fa9 elementor-widget elementor-widget-heading\" data-id=\"8b27fa9\" data-element_type=\"widget\" data-e-type=\"widget\" data-widget_type=\"heading.default\">\n\t\t\t\t<div class=\"elementor-widget-container\">\n\t\t\t\t\t<h2 class=\"elementor-heading-title elementor-size-default\">3. \n\u00dcr\u00fcn S\u00fcrd\u00fcr\u00fclebilirli\u011fi \u00c7al\u0131\u015fmalar\u0131\n<\/h2>\t\t\t\t<\/div>\n\t\t\t\t<\/div>\n\t\t\t\t<\/div>\n\t\t\t\t<\/div>\n\t\t<div class=\"elementor-element elementor-element-de87a6a e-con-full e-flex e-con e-child\" data-id=\"de87a6a\" data-element_type=\"container\" data-e-type=\"container\">\n\t\t<div class=\"elementor-element elementor-element-1184cc9 e-con-full e-flex e-con e-child\" data-id=\"1184cc9\" data-element_type=\"container\" data-e-type=\"container\" data-settings=\"{&quot;background_background&quot;:&quot;classic&quot;}\">\n\t\t\t\t<\/div>\n\t\t<div class=\"elementor-element elementor-element-0061159 e-con-full e-flex e-con e-child\" data-id=\"0061159\" data-element_type=\"container\" data-e-type=\"container\">\n\t\t\t\t<div class=\"elementor-element elementor-element-462522a elementor-widget elementor-widget-heading\" data-id=\"462522a\" data-element_type=\"widget\" data-e-type=\"widget\" data-widget_type=\"heading.default\">\n\t\t\t\t<div class=\"elementor-widget-container\">\n\t\t\t\t\t<h2 class=\"elementor-heading-title elementor-size-default\">4.\n Kurumsal S\u00fcrd\u00fcr\u00fclebilirlik \u00c7al\u0131\u015fmalar\u0131<\/h2>\t\t\t\t<\/div>\n\t\t\t\t<\/div>\n\t\t\t\t<\/div>\n\t\t\t\t<\/div>\n\t\t<div class=\"elementor-element elementor-element-7f3ac8d e-con-full e-flex e-con e-child\" data-id=\"7f3ac8d\" data-element_type=\"container\" data-e-type=\"container\">\n\t\t<div class=\"elementor-element elementor-element-f37f182 e-con-full e-flex e-con e-child\" data-id=\"f37f182\" data-element_type=\"container\" data-e-type=\"container\" data-settings=\"{&quot;background_background&quot;:&quot;classic&quot;}\">\n\t\t\t\t<\/div>\n\t\t<div class=\"elementor-element elementor-element-6ce0f7c e-con-full e-flex e-con e-child\" data-id=\"6ce0f7c\" data-element_type=\"container\" data-e-type=\"container\">\n\t\t\t\t<div class=\"elementor-element elementor-element-21a79b7 elementor-widget elementor-widget-heading\" data-id=\"21a79b7\" data-element_type=\"widget\" data-e-type=\"widget\" data-widget_type=\"heading.default\">\n\t\t\t\t<div class=\"elementor-widget-container\">\n\t\t\t\t\t<h2 class=\"elementor-heading-title elementor-size-default\">5. \nMevzuat De\u011fi\u015fikliklerine Y\u00f6nelik E\u011fitim ve Bilgilendirmeler\n<\/h2>\t\t\t\t<\/div>\n\t\t\t\t<\/div>\n\t\t\t\t<\/div>\n\t\t\t\t<\/div>\n\t\t<div class=\"elementor-element elementor-element-951f1a0 e-con-full e-flex e-con e-child\" data-id=\"951f1a0\" data-element_type=\"container\" data-e-type=\"container\">\n\t\t<div class=\"elementor-element elementor-element-9bc526b e-con-full e-flex e-con e-child\" data-id=\"9bc526b\" data-element_type=\"container\" data-e-type=\"container\" data-settings=\"{&quot;background_background&quot;:&quot;classic&quot;}\">\n\t\t\t\t<\/div>\n\t\t<div class=\"elementor-element elementor-element-c5807b9 e-con-full e-flex e-con e-child\" data-id=\"c5807b9\" data-element_type=\"container\" data-e-type=\"container\">\n\t\t\t\t<div class=\"elementor-element elementor-element-822ac9b elementor-widget elementor-widget-heading\" data-id=\"822ac9b\" data-element_type=\"widget\" data-e-type=\"widget\" data-widget_type=\"heading.default\">\n\t\t\t\t<div class=\"elementor-widget-container\">\n\t\t\t\t\t<h2 class=\"elementor-heading-title elementor-size-default\">6. \nKapan\u0131\u015f Toplant\u0131s\u0131, S\u00fcrd\u00fcr\u00fclebilirlik ve Strateji Raporunun Sunumu\n<\/h2>\t\t\t\t<\/div>\n\t\t\t\t<\/div>\n\t\t\t\t<\/div>\n\t\t\t\t<\/div>\n\t\t\t\t\t<\/div>\n\t\t\t\t<\/div>\n\t\t<div class=\"elementor-element elementor-element-c20ccc7 e-flex e-con-boxed e-con e-parent\" data-id=\"c20ccc7\" data-element_type=\"container\" data-e-type=\"container\">\n\t\t\t\t\t<div class=\"e-con-inner\">\n\t\t\t\t<div class=\"elementor-element elementor-element-a801fc4 elementor-widget elementor-widget-spacer\" data-id=\"a801fc4\" data-element_type=\"widget\" data-e-type=\"widget\" data-widget_type=\"spacer.default\">\n\t\t\t\t<div class=\"elementor-widget-container\">\n\t\t\t\t\t\t\t<div class=\"elementor-spacer\">\n\t\t\t<div class=\"elementor-spacer-inner\"><\/div>\n\t\t<\/div>\n\t\t\t\t\t\t<\/div>\n\t\t\t\t<\/div>\n\t\t\t\t\t<\/div>\n\t\t\t\t<\/div>\n\t\t\t\t<\/div>\n\t\t","protected":false},"excerpt":{"rendered":"<p>Ye\u015fil D\u00f6n\u00fc\u015f\u00fcm \u0130hracat hacmini art\u0131rmak ve \u0130\u015fletmelerin uzun vadeli ba\u015far\u0131 elde etmek ve varl\u0131\u011f\u0131n\u0131 s\u00fcrd\u00fcrmek i\u00e7in Ye\u015fil D\u00f6n\u00fc\u015f\u00fcm &#8216;e entegre sistemler kullanmalar\u0131 verimlilik y\u00fczdelerini artt\u0131racakt\u0131r . Bu s\u00fcre\u00e7te Birikim Te\u015fvik olarak, firmalara \u201c\u00f6zel\u201d Ye\u015fil D\u00f6n\u00fc\u015f\u00fcm yol haritas\u0131n\u0131 olu\u015fturmay\u0131 ve t\u00fcm a\u015famalarda onlar\u0131n yan\u0131nda olmay\u0131 ama\u00e7l\u0131yoruz. \u0130\u015e\u0130N\u0130Ze De\u011fer Kat\u0131n Ye\u015fil D\u00f6n\u00fc\u015f\u00fcm S\u00fcrecimiz K\u00fcresel \u00f6l\u00e7ekli firmalar\u0131n beklentilerini [&hellip;]<\/p>\n","protected":false},"author":1,"featured_media":0,"parent":0,"menu_order":0,"comment_status":"closed","ping_status":"closed","template":"","meta":{"footnotes":""},"class_list":["post-440","page","type-page","status-publish","hentry"],"_links":{"self":[{"href":"http:\/\/birikimtesvik.com\/index.php\/wp-json\/wp\/v2\/pages\/440","targetHints":{"allow":["GET"]}}],"collection":[{"href":"http:\/\/birikimtesvik.com\/index.php\/wp-json\/wp\/v2\/pages"}],"about":[{"href":"http:\/\/birikimtesvik.com\/index.php\/wp-json\/wp\/v2\/types\/page"}],"author":[{"embeddable":true,"href":"http:\/\/birikimtesvik.com\/index.php\/wp-json\/wp\/v2\/users\/1"}],"replies":[{"embeddable":true,"href":"http:\/\/birikimtesvik.com\/index.php\/wp-json\/wp\/v2\/comments?post=440"}],"version-history":[{"count":16,"href":"http:\/\/birikimtesvik.com\/index.php\/wp-json\/wp\/v2\/pages\/440\/revisions"}],"predecessor-version":[{"id":534,"href":"http:\/\/birikimtesvik.com\/index.php\/wp-json\/wp\/v2\/pages\/440\/revisions\/534"}],"wp:attachment":[{"href":"http:\/\/birikimtesvik.com\/index.php\/wp-json\/wp\/v2\/media?parent=440"}],"curies":[{"name":"wp","href":"https:\/\/api.w.org\/{rel}","templated":true}]}}